7
Calculate the remainder when 6278 is divided by 13.
12
Calculate the remainder when 2399 is divided by 199.
11
What is the remainder when 172 is divided by 80?
12
What is the remainder when 619 is divided by 19?
11
Calculate the remainder when 110 is divided by 14.
12
What is the remainder when 139 is divided by 70?
69
Calculate the remainder when 56 is divided by 39.
17
What is the remainder when 219 is divided by 6?
3
What is the remainder when 193 is divided by 69?
55
What is the remainder when 59 is divided by 21?
17
What is the remainder when 1130 is divided by 20?
10
Calculate the remainder when 91 is divided by 24.
19
What is the remainder when 3211 is divided by 48?
43
What is the remainder when 236 is divided by 50?
36
What is the remainder when 14 is divided by 10?
4
Calculate the remainder when 3665 is divided by 915.
5
Calculate the remainder when 59 is divided by 30.
29
What is the remainder when 527 is divided by 71?
30
Calculate the remainder when 805 is divided by 71.
24
What is the remainder when 9268 is divided by 90?
88
What is the remainder when 797 is divided by 42?
41
Calculate the remainder when 118 is divided by 33.
19
What is the remainder when 194 is divided by 28?
26
What is the remainder when 2957 is divided by 2943?
14
What is the remainder when 2039 is divided by 31?
24
Calculate the remainder when 464 is divided by 151.
11
Calculate the remainder when 656 is divided by 73.
72
What is the remainder when 8 is divided by 4?
0
Calculate the remainder when 487 is divided by 66.
25
Calculate the remainder when 1637 is divided by 277.
252
What is the remainder when 81 is divided by 14?
11
Calculate the remainder when 463 is divided by 30.
13
What is the remainder when 4990 is divided by 279?
247
Calculate the remainder when 794 is divided by 29.
11
What is the remainder when 34 is divided by 23?
11
What is the remainder when 376 is divided by 129?
118
Calculate the remainder when 444 is divided by 122.
78
Calculate the remainder when 885 is divided by 56.
45
Calculate the remainder when 1499 is divided by 31.
11
Calculate the remainder when 416 is divided by 21.
17
What is the remainder when 245 is divided by 224?
21
What is the remainder when 5921 is divided by 237?
233
What is the remainder when 191 is divided by 60?
11
What is the remainder when 1299 is divided by 13?
12
Calculate the remainder when 176 is divided by 70.
36
Calculate the remainder when 2789 is divided by 44.
17
What is the remainder when 484 is divided by 34?
8
What is the remainder when 1340 is divided by 390?
170
What is the remainder when 17383 is divided by 19?
17
Calculate the remainder when 1274 is divided by 15.
14
Calculate the remainder when 25 is divided by 7.
4
What is the remainder when 73 is divided by 3?
1
Calculate the remainder when 43 is divided by 27.
16
Calculate the remainder when 158 is divided by 18.
14
Calculate the remainder when 998 is divided by 480.
38
Calculate the remainder when 131 is divided by 73.
58
Calculate the remainder when 439 is divided by 20.
19
What is the remainder when 261 is divided by 133?
128
What is the remainder when 557 is divided by 7?
4
Calculate the remainder when 1538 is divided by 44.
42
Calculate the remainder when 12859 is divided by 330.
319
What is the remainder when 91 is divided by 5?
1
Calculate the remainder when 168 is divided by 57.
54
What is the remainder when 508 is divided by 103?
96
What is the remainder when 73 is divided by 7?
3
What is the remainder when 2797 is divided by 70?
67
What is the remainder when 3094 is divided by 23?
12
Calculate the remainder when 2872 is divided by 477.
10
What is the remainder when 4146 is divided by 68?
66
What is the remainder when 294 is divided by 37?
35
Calculate the remainder when 826 is divided by 84.
70
Calculate the remainder when 3851 is divided by 94.
91
What is the remainder when 448 is divided by 25?
23
What is the remainder when 584 is divided by 200?
184
Calculate the remainder when 264 is divided by 17.
9
Calculate the remainder when 531 is divided by 64.
19
What is the remainder when 1307 is divided by 18?
11
Calculate the remainder when 129 is divided by 38.
15
What is the remainder when 3009 is divided by 86?
85
What is the remainder when 2556 is divided by 45?
36
Calculate the remainder when 109 is divided by 31.
16
Calculate the remainder when 1758 is divided by 100.
58
Calculate the remainder when 2710 is divided by 33.
4
Calculate the remainder when 298 is divided by 42.
4
Calculate the remainder when 3381 is divided by 36.
33
Calculate the remainder when 292 is divided by 23.
16
Calculate the remainder when 1548 is divided by 173.
164
Calculate the remainder when 561 is divided by 287.
274
Calculate the remainder when 483 is divided by 22.
21
What is the remainder when 63 is divided by 60?
3
What is the remainder when 582 is divided by 117?
114
What is the remainder when 375 is divided by 54?
51
What is the remainder when 274 is divided by 56?
50
Calculate the remainder when 887 is divided by 74.
73
Calculate the remainder when 532 is divided by 23.
3
What is the remainder when 112 is divided by 15?
7
What is the remainder when 530 is divided by 523?
7
What is the remainder when 453 is divided by 160?
133
What is the remainder when 53 is divided by 29?
24
What is the remainder when 287 is divided by 44?
23
Calculate the remainder when 460 is divided by 228.
4
Calculate the remainder when 99 is divided by 10.
9
What is the remainder when 3976 is divided by 34?
32
Calculate the remainder when 19567 is divided by 8.
7
Calculate the remainder when 988 is divided by 77.
64
Calculate the remainder when 1540 is divided by 34.
10
What is the remainder when 69 is divided by 5?
4
Calculate the remainder when 175 is divided by 75.
25
Calculate the remainder when 424 is divided by 139.
7
Calculate the remainder when 3366 is divided by 91.
90
What is the remainder when 47 is divided by 36?
11
What is the remainder when 1547 is divided by 130?
117
Calculate the remainder when 7574 is divided by 36.
14
What is the remainder when 919 is divided by 135?
109
Calculate the remainder when 312 is divided by 156.
0
What is the remainder when 613 is divided by 104?
93
What is the remainder when 230 is divided by 24?
14
Calculate the remainder when 362 is divided by 59.
8
Calculate the remainder when 399 is divided by 133.
0
Calculate the remainder when 136 is divided by 35.
31
Calculate the remainder when 197 is divided by 111.
86
Calculate the remainder when 87 is divided by 63.
24
What is the remainder when 1427 is divided by 160?
147
Calculate the remainder when 1926 is divided by 78.
54
What is the remainder when 93 is divided by 48?
45
Calculate the remainder when 139 is divided by 10.
9
Calculate the remainder when 476 is divided by 53.
52
Calculate the remainder when 222 is divided by 131.
91
Calculate the remainder when 249 is divided by 6.
3
What is the remainder when 116 is divided by 115?
1
Calculate the remainder when 152 is divided by 78.
74
Calculate the remainder when 972 is divided by 15.
12
What is the remainder when 49 is divided by 20?
9
Calculate the remainder when 434 is divided by 177.
80
Calculate the remainder when 1334 is divided by 266.
4
What is the remainder when 79 is divided by 5?
4
What is the remainder when 119 is divided by 47?
25
What is the remainder when 95 is divided by 26?
17
Calculate the remainder when 4102 is divided by 5.
2
Calculate the remainder when 10206 is divided by 41.
38
Calculate the remainder when 741 is divided by 367.
7
Calculate the remainder when 281 is divided by 268.
13
What is the remainder when 89 is divided by 20?
9
Calculate the remainder when 1206 is divided by 4.
2
What is the remainder when 2994 is divided by 50?
44
What is the remainder when 456 is divided by 115?
111
Calculate the remainder when 166 is divided by 12.
10
Calculate the remainder when 170 is divided by 9.
8
What is the remainder when 10151 is divided by 6?
5
Calculate the remainder when 574 is divided by 145.
139
What is the remainder when 833 is divided by 38?
35
What is the remainder when 926 is divided by 228?
14
What is the remainder when 1204 is divided by 27?
16
Calculate the remainder when 5964 is divide